7)?
-12
Let p(q) = -q**2 + 2*q + 12. What is p(-5)?
-23
Let h(r) = -r**2 - 7*r - 12. Calculate h(-6).
-6
Let d(u) = -u**3 + 29*u**2 + 29*u + 30. What is d(30)?
0
Let c(y) = y**2 + 23*y + 77. Calculate c(-18).
-13
Let i(x) = 2*x**2 - 14*x - 2. What is i(9)?
34
Let h(f) = 10*f + 97. Determine h(-9).
7
Let f(w) = w**3 - 2*w - 3. Give f(3).
18
Let p(j) = 7*j + 10. Give p(-4).
-18
Let p(i) = -2*i**2 + 30*i + 19. Determine p(16).
-13
Let y(x) = 6*x - 13. What is y(11)?
53
Let z(c) = -2*c**3 - 17*c**2 - 13*c - 42. What is z(-8)?
-2
Let n(m) = 2*m**2 + 9*m - 1. Determine n(-4).
-5
Let f(n) = -n**2 - n + 1. Give f(0).
1
Let y(t) = -t**2 + 8. What is y(7)?
-41
Let g(r) = 2*r**2 - 26*r - 10. Calculate g(13).
-10
Let n(x) = 31*x + 410. Determine n(-13).
7
Let b(g) = -g**3 + 9*g + 2. What is b(3)?
2
Let l(y) = 2*y**3 + 12*y**2 - 14*y - 11. Determine l(-7).
-11
Let i(s) = s**3 + 8*s**2 - 10*s + 5. Determine i(-9).
14
Let l(m) = -m**2 + 17*m - 36. Determine l(15).
-6
Let f(q) = 5*q - 47. What is f(7)?
-12
Let k(n) = -n**2 - 18*n + 11. Calculate k(-18).
11
Let d(k) = -k**3 - 11*k**2 + 2*k - 15. Calculate d(-11).
-37
Let l(y) = -5*y - 40. What is l(-7)?
-5
Let o(p) = -p**3 + p**2 + p - 3. What is o(0)?
-3
Let z(t) = -8*t**2 + 2*t - 3. Give z(1).
-9
Let n(d) = -7*d + 36. Calculate n(6).
-6
Let w(j) = j**3 + 7*j**2 - 12*j - 6. Determine w(-8).
26
Let c(z) = 3*z + 53. Determine c(-17).
2
Let z(h) = 6*h + 12. Give z(-8).
-36
Let u(v) = -2*v - 7. What is u(3)?
-13
Let u(f) = -48*f - 1. Give u(-3).
143
Let a(p) = -3*p + 26. Calculate a(12).
-10
Let k(i) = 2*i**3 - 31*i**2 - 14*i - 33. Calculate k(16).
-1
Let f(l) = -26*l**3 - 21*l**2. Determine f(-1).
5
Let o(k) = k**3 + 12*k**2 + 11*k + 26. Determine o(-11).
26
Let a(o) = -2*o + 37. What is a(18)?
1
Let v(h) = 4*h. What is v(7)?
28
Let a(l) = l**2 + 2*l - 9. What is a(-4)?
-1
Let c(n) = n**2 - 5*n - 17. Give c(8).
7
Let x(r) = 11*r + 136. Determine x(-7).
59
Let m(i) = -i. What is m(8)?
-8
Let u(q) = -q**2 + 7*q - 13. Determine u(4).
-1
Let f(n) = -4*n**3 + n**2 + 2*n + 3. Calculate f(-2).
35
Let x(o) = o**3 - 7*o**2 - 4*o - 5. Determine x(6).
-65
Let u(s) = 3*s + 28. Give u(-8).
4
Let p(h) = -h**3 + 10*h**2 + 16*h - 61. What is p(11)?
-6
Let p(h) = h**3 + 26*h**2 - 51*h + 138. Calculate p(-28).
-2
Let x(g) = 13*g + 335. Calculate x(-27).
-16
Let t(z) = -13*z - 67. Give t(-5).
-2
Let q(z) = -z**3 + 7*z**2 + 3*z + 2. Give q(-1).
7
Let r(m) = m + 14. Calculate r(4).
18
Let x(p) = 9*p**3 - 2*p + 1. What is x(1)?
8
Let r(m) = -m**2 + 10*m + 11. What is r(9)?
20
Let k(n) = 7*n + 116. What is k(-16)?
4
Let u(t) = -t**3 - 4*t**2 - t - 1. What is u(-3)?
-7
Let w(m) = 4*m + 24. Determine w(-6).
0
Let f(z) = z**2 - 12*z + 42. Determine f(6).
6
Let n(i) = -i**3 + 33*i**2 - 28*i - 108. Determine n(32).
20
Let s(p) = p**3 + 5*p**2 - 7*p + 8. Give s(-6).
14
Let m(b) = 7*b**2 - 16*b + 32. Calculate m(2).
28
Let d(j) = -9*j - 1. Determine d(-2).
17
Let j(o) = -2*o + 2. Calculate j(6).
-10
Let k(y) = 16*y + 25. What is k(-5)?
-55
Let o(w) = -w**2 + w - 2. What is o(-5)?
-32
Let c(d) = -3*d - 20. Determine c(9).
-47
Let m(t) = -t**3 - 8*t**2 - 9*t + 1. What is m(-7)?
15
Let q(n) = -6*n + 21. Give q(4).
-3
Let l(o) = -2*o**3 - 3*o**2 + 3*o + 7. What is l(-1)?
3
Let p(t) = -6*t - 1. What is p(5)?
-31
Let g(p) = p**3 + 3*p**2 - p - 4. Give g(3).
47
Let u(h) = -3*h**2 - 27*h - 11. Give u(-8).
13
Let t(q) = -q**2 - 13*q + 2. Give t(-11).
24
Let x(a) = 4*a**2 + 2*a - 1. What is x(-2)?
11
Let a(y) = y**2 - 3*y - 59. Determine a(-6).
-5
Let d(u) = u**3 + 17*u**2 + 16*u - 2. Give d(-16).
-2
Let i(f) = -4*f**3 - f - 1. Determine i(-1).
4
Let j(f) = 4*f**3 + 3*f - 3. Determine j(2).
35
Let y(u) = u**2 + 10*u - 16. What is y(-12)?
8
Let t(d) = d**3 - 7*d**2 - 2*d. Calculate t(7).
-14
Let o(b) = 2*b**2 - 8*b - 5. Give o(6).
19
Let b(z) = -z + 9. Calculate b(13).
-4
Let s(q) = 19*q + 403. Determine s(-22).
-15
Let i(o) = -26*o - 261. Calculate i(-10).
-1
Let g(h) = -7*h**3 - 8*h**2 + 11*h - 2. Give g(1).
-6
Let g(i) = -32*i**3 + 2*i + 1. Give g(-1).
31
Let j(t) = t - 11. Give j(3).
-8
Let s(n) = -n**3 - 5*n**2 + 6*n. Determine s(2).
-16
Let b(x) = -x**3 + 11*x**2 + 26*x + 10. Calculate b(13).
10
Let f(h) = -h**3 - 6*h**2 + 23*h - 6. What is f(-9)?
30
Let a(x) = x + 22. Determine a(-9).
13
Let z(j) = -9*j - 15. Calculate z(-2).
3
Let h(v) = 11*v - 72. Calculate h(12).
60
Let v(g) = g**2 - 10*g + 19. Determine v(6).
-5
Let u(n) = 4*n + 42. Give u(-14).
-14
Let n(t) = -5*t + 27. What is n(5)?
2
Let x(v) = -v**3 - 10*v**2 + 10*v - 10. Determine x(-11).
1
Let o(n) = -n**3 - 7*n**2 + 21*n + 4. Give o(-10).
94
Let r(y) = y**2 - 12*y - 22. Determine r(12).
-22
Let p(c) = -c**2 - c - 2. Calculate p(-5).
-22
Let z(g) = g**2 + 3*g - 47. Determine z(-5).
-37
Let c(i) = -2*i**3 - 2*i + 105. Calculate c(0).
105
Let j(x) = -29*x - 188. What is j(-7)?
15
Let q(x) = -4*x**3 + 3*x**2 - 2*x + 1. Determine q(1).
-2
Let y(m) = m**3 - 7*m**2 + 3*m - 22. Give y(7).
-1
Let c(y) = -2*y**3 + y**2 + 4*y - 1. Give c(-3).
50
Let h(n) = 3*n + 1. Calculate h(4).
13
Let q(g) = -g**3 - 12*g**2 + 30*g + 23. Calculate q(-14).
-5
Let k(w) = -2*w**2 + 15*w - 10. Calculate k(6).
8
Let i(r) = -17*r**2 + 2*r + 8. Calculate i(-2).
-64
Let q(h) = -21*h + 9. Calculate q(3).
-54
Let v(h) = -h + 7. Give v(4).
3
Let x(y) = -y + 2. What is x(12)?
-10
Let y(d) = d**3 - 11*d + 5. What is y(5)?
75
Let v(i) = 9*i - 8. Give v(0).
-8
Let r(i) = -i**3 + 12*i**2 - 11*i + 1. Give r(11).
1
Let m(y) = -y**3 - 6*y**2 - 3*y - 12. Calculate m(-6).
6
Let f(q) = 3*q**2 - 40*q - 31. Determine f(14).
-3
Let c(x) = -x**2 + 15*x - 3. What is c(11)?
41
Let f(p) = 4*p**2 - 7*p. Calculate f(3).
15
Let c(u) = -u + 81. Determine c(24).
57
Let b(h) = -3*h**2 - 24*h + 22. Determine b(-9).
-5
Let n(z) = z**2 - 9*z + 25. What is n(4)?
5
Let u(p) = p**2 + 14*p - 9. Give u(-14).
-9
Let t(g) = 9*g**3 + 2*g + 2. What is t(-1)?
-9
Let f(q) = -q**3 - q - 4. Give f(-2).
6
Let r(s) = -2*s**2 - 142*s + 287. Calculate r(-73).
-5
Let k(w) = 7*w + 161. What is k(-23)?
0
Let v(n) = -n**2 - 20*n - 2. Give v(-3).
49
Let k(h) = -3*h - 15. What is k(4)?
-27
Let x(l) = -4*l**2 - 35*l - 9. What is x(-8)?
15
Let v(o) = 2*o**3 + 9*o**2 - 8*o - 6. Determine v(-6).
-66
Let n(b) = b**2 - 8*b - 3. Determine n(9).
6
Let u(s) = -2*s**2 - 53*s - 342. Give u(-15).
3
Let b(w) = w**3 - w**2 - 12*w - 4. Determine b(4).
-4
Let p(v) = -11*v + 5. Give p(-12).
137
Let f(g) = -17*g. Determine f(-1).
17
Let l(f) = -8*f - 89. Determine l(-12).
7
Let h(i) = i**3 - 11*i**2 + 16*i - 66. Give h(10).
-6
Let z(c) = 6*c + 2. Give z(-2).
-10
Let j(k) = 3*k**2 + 2*k. Determine j(-4).
40
Let z(k) = 3*k + 88. Determine z(-32).
-8
Let d(i) = i - 43. What is d(16)?
-27
Let h(s) = -s**3 + 14*s**2 - 2*s + 34. What is h(14)?
6
Let u(v) = -v**2 + 11*v + 8. Determine u(11).
8
Let a(i) = i**2 - i - 25. Give a(-8).
47
Let r(g) = -g + 25. What is r(17)?
8
Let g(o) = -o**3 - 30*o**2 + 37. Give g(-30).
37
Let n(s) = -s**3 + 7*s**2 - 4*s - 6. Determine n(4).
26
Let v(r) = r**2 - 5*r + 19. Give v(3).
13
Let c(d) = d**3 - d**2 - 2*d + 4. Calculate c(3).
16
Let r(m) = -5*m + 17. Calculate r(2).
7
Let z(j) = 2*j**3 + j**2 - 2. Calculate z(-1).
-3
Let g(a) = -a**3 - 11*a**2 - 14*a - 10. What is g(-9)?
-46
Let w(i) = i**2 + 18*i. Give w(-24).
144
Let o(p) = -4*p - 116. Calculate o(0).
-116
Let m(g) = -g**3 - 4*g**2 - 14*g - 5. Calculate m(-4).
51
Let z(l) = 146*l**2 + 3*l + 4. Determine z(-1).
147
Let q(p) = -p**3 + 5*p**2 - 2. What is q(5)?
-2
Let h(w) = -2*w + 29. Give h(9).
11
Let q(m) = -m**3 + 36*m**2 + 162*m - 72. What is q(40)?
8
Let d(a) = a**3 - 9*a**2 - 12*a + 8. Calculate d(10).
-12
Let d(n) = -n**3 - 6*n**2 - n - 14. Determine d(-6).
-8
Let h(z) = -z**3 + z**2 + 5. Give h(0).
5
Let q(t) = 7*t - 5. Determine q(-9).
-68
Let t(m) = -m**2 + m - 9. Calculate t(0).
-9
Let d(x) = -2*x**3 - 20*x**2 + 3*x + 10. Calculate d(-10).
-20
Let m(u) = -u**3 - 11*u**2 - 11*u - 8. Give m(-10).
2
Let o(g) = 3*g + 29. Determine o(-10).
-1
Let k(s) = s**2 - s + 4. Determine k(-4).
24
Let z(g) = -g**3 - 3*g**2 + 12. Calculate z(-4).
28
Let h(n) = n**2 - 8*n - 4. What is h(7)?
-11
Let z(w) = 22*w - 182. Calculate z(9).
16
Let c(r) = r**2 - 7*r + 12. Determine c(7).
12
Let p(n) = n**3 + 5*n**2 + 